{"version":"1.0","provider_name":"JUMEAUX91","provider_url":"https:\/\/jumeaux91.fr\/blog","title":"Allemagne Deux fr\u00e8res jumeaux meurent \u00e0 trottinette \u00e9lectrique ... - JUMEAUX91","type":"rich","width":600,"height":338,"html":"<blockquote class=\"wp-embedded-content\" data-secret=\"AneR1gdNwh\"><a href=\"https:\/\/jumeaux91.fr\/blog\/allemagne-deux-freres-jumeaux-meurent-a-trottinette-electrique\/\">Allemagne Deux fr\u00e8res jumeaux meurent \u00e0 trottinette \u00e9lectrique &#8230;<\/a><\/blockquote><iframe sandbox=\"allow-scripts\" security=\"restricted\" src=\"https:\/\/jumeaux91.fr\/blog\/allemagne-deux-freres-jumeaux-meurent-a-trottinette-electrique\/embed\/#?secret=AneR1gdNwh\" width=\"600\" height=\"338\" title=\"\u00ab\u00a0Allemagne Deux fr\u00e8res jumeaux meurent \u00e0 trottinette \u00e9lectrique &#8230;\u00a0\u00bb &#8212; JUMEAUX91\" data-secret=\"AneR1gdNwh\" frameborder=\"0\" marginwidth=\"0\" marginheight=\"0\" scrolling=\"no\" class=\"wp-embedded-content\"><\/iframe><script>\n\/*! This file is auto-generated *\/\n!function(d,l){\"use strict\";l.querySelector&&d.addEventListener&&\"undefined\"!=typeof URL&&(d.wp=d.wp||{},d.wp.receiveEmbedMessage||(d.wp.receiveEmbedMessage=function(e){var t=e.data;if((t||t.secret||t.message||t.value)&&!\/[^a-zA-Z0-9]\/.test(t.secret)){for(var s,r,n,a=l.querySelectorAll('iframe[data-secret=\"'+t.secret+'\"]'),o=l.querySelectorAll('blockquote[data-secret=\"'+t.secret+'\"]'),c=new RegExp(\"^https?:$\",\"i\"),i=0;i<o.length;i++)o[i].style.display=\"none\";for(i=0;i<a.length;i++)s=a[i],e.source===s.contentWindow&&(s.removeAttribute(\"style\"),\"height\"===t.message?(1e3<(r=parseInt(t.value,10))?r=1e3:~~r<200&&(r=200),s.height=r):\"link\"===t.message&&(r=new URL(s.getAttribute(\"src\")),n=new URL(t.value),c.test(n.protocol))&&n.host===r.host&&l.activeElement===s&&(d.top.location.href=t.value))}},d.addEventListener(\"message\",d.wp.receiveEmbedMessage,!1),l.addEventListener(\"DOMContentLoaded\",function(){for(var e,t,s=l.querySelectorAll(\"iframe.wp-embedded-content\"),r=0;r<s.length;r++)(t=(e=s[r]).getAttribute(\"data-secret\"))||(t=Math.random().toString(36).substring(2,12),e.src+=\"#?secret=\"+t,e.setAttribute(\"data-secret\",t)),e.contentWindow.postMessage({message:\"ready\",secret:t},\"*\")},!1)))}(window,document);\n\/\/# sourceURL=https:\/\/jumeaux91.fr\/blog\/wp-includes\/js\/wp-embed.min.js\n<\/script>\n","thumbnail_url":"https:\/\/jumeaux91.fr\/blog\/wp-content\/uploads\/2025\/07\/allemagne-deux-freres-jumeaux-meurent-a-trottinette-electrique.jpg","thumbnail_width":600,"thumbnail_height":315,"description":"Deux jeunes hommes de 23 ans sont morts et un autre a \u00e9t\u00e9 gri\u00e8vement bless\u00e9 apr\u00e8s qu&rsquo;une voiture a percut\u00e9 deux trottinettes \u00e9lectriques dans la nuit de samedi \u00e0 dimanche \u00e0 Francfort-sur-le-Main, dans l&rsquo;ouest de l&rsquo;Allemagne, a indiqu\u00e9 la police. Ce contenu est bloqu\u00e9 car vous n&rsquo;avez pas accept\u00e9 les cookies et autres traceurs. En&hellip; Poursuivre la lecture Sans titre"}

Allemagne Deux frères jumeaux meurent à trottinette électrique ... - JUMEAUX91

<blockquote class="wp-embedded-content" data-secret="AneR1gdNwh"><a href="https://jumeaux91.fr/blog/allemagne-deux-freres-jumeaux-meurent-a-trottinette-electrique/">Allemagne Deux frères jumeaux meurent à trottinette électrique &#8230;</a></blockquote><iframe sandbox="allow-scripts" security="restricted" src="https://jumeaux91.fr/blog/allemagne-deux-freres-jumeaux-meurent-a-trottinette-electrique/embed/#?secret=AneR1gdNwh" width="600" height="338" title="« Allemagne Deux frères jumeaux meurent à trottinette électrique &#8230; » &#8212; JUMEAUX91" data-secret="AneR1gdNwh" frameborder="0" marginwidth="0" marginheight="0" scrolling="no" class="wp-embedded-content"></iframe><script>
/*! This file is auto-generated */
!function(d,l){"use strict";l.querySelector&&d.addEventListener&&"undefined"!=typeof URL&&(d.wp=d.wp||{},d.wp.receiveEmbedMessage||(d.wp.receiveEmbedMessage=function(e){var t=e.data;if((t||t.secret||t.message||t.value)&&!/[^a-zA-Z0-9]/.test(t.secret)){for(var s,r,n,a=l.querySelectorAll('iframe[data-secret="'+t.secret+'"]'),o=l.querySelectorAll('blockquote[data-secret="'+t.secret+'"]'),c=new RegExp("^https?:$","i"),i=0;i<o.length;i++)o[i].style.display="none";for(i=0;i<a.length;i++)s=a[i],e.source===s.contentWindow&&(s.removeAttribute("style"),"height"===t.message?(1e3<(r=parseInt(t.value,10))?r=1e3:~~r<200&&(r=200),s.height=r):"link"===t.message&&(r=new URL(s.getAttribute("src")),n=new URL(t.value),c.test(n.protocol))&&n.host===r.host&&l.activeElement===s&&(d.top.location.href=t.value))}},d.addEventListener("message",d.wp.receiveEmbedMessage,!1),l.addEventListener("DOMContentLoaded",function(){for(var e,t,s=l.querySelectorAll("iframe.wp-embedded-content"),r=0;r<s.length;r++)(t=(e=s[r]).getAttribute("data-secret"))||(t=Math.random().toString(36).substring(2,12),e.src+="#?secret="+t,e.setAttribute("data-secret",t)),e.contentWindow.postMessage({message:"ready",secret:t},"*")},!1)))}(window,document);
//# sourceURL=https://jumeaux91.fr/blog/wp-includes/js/wp-embed.min.js
</script>

Deux jeunes hommes de 23 ans sont morts et un autre a été grièvement blessé après qu&rsquo;une voiture a percuté deux trottinettes électriques dans la nuit de samedi à dimanche à Francfort-sur-le-Main, dans l&rsquo;ouest de l&rsquo;Allemagne, a indiqué la police. Ce contenu est bloqué car vous n&rsquo;avez pas accepté les cookies et autres traceurs. En&hellip; Poursuivre la lecture Sans titre
