{"version":"1.0","provider_name":"JUMEAUX91","provider_url":"https:\/\/jumeaux91.fr\/blog","title":"Colmar Festival du film : Fr\u00e8res, une histoire poignante - JUMEAUX91","type":"rich","width":600,"height":338,"html":"<blockquote class=\"wp-embedded-content\" data-secret=\"MAAHJpT85k\"><a href=\"https:\/\/jumeaux91.fr\/blog\/colmar-festival-du-film-freres-une-histoire-poignante\/\">Colmar Festival du film : Fr\u00e8res, une histoire poignante<\/a><\/blockquote><iframe sandbox=\"allow-scripts\" security=\"restricted\" src=\"https:\/\/jumeaux91.fr\/blog\/colmar-festival-du-film-freres-une-histoire-poignante\/embed\/#?secret=MAAHJpT85k\" width=\"600\" height=\"338\" title=\"\u00ab\u00a0Colmar Festival du film : Fr\u00e8res, une histoire poignante\u00a0\u00bb &#8212; JUMEAUX91\" data-secret=\"MAAHJpT85k\" frameborder=\"0\" marginwidth=\"0\" marginheight=\"0\" scrolling=\"no\" class=\"wp-embedded-content\"><\/iframe><script>\n\/*! This file is auto-generated *\/\n!function(d,l){\"use strict\";l.querySelector&&d.addEventListener&&\"undefined\"!=typeof URL&&(d.wp=d.wp||{},d.wp.receiveEmbedMessage||(d.wp.receiveEmbedMessage=function(e){var t=e.data;if((t||t.secret||t.message||t.value)&&!\/[^a-zA-Z0-9]\/.test(t.secret)){for(var s,r,n,a=l.querySelectorAll('iframe[data-secret=\"'+t.secret+'\"]'),o=l.querySelectorAll('blockquote[data-secret=\"'+t.secret+'\"]'),c=new RegExp(\"^https?:$\",\"i\"),i=0;i<o.length;i++)o[i].style.display=\"none\";for(i=0;i<a.length;i++)s=a[i],e.source===s.contentWindow&&(s.removeAttribute(\"style\"),\"height\"===t.message?(1e3<(r=parseInt(t.value,10))?r=1e3:~~r<200&&(r=200),s.height=r):\"link\"===t.message&&(r=new URL(s.getAttribute(\"src\")),n=new URL(t.value),c.test(n.protocol))&&n.host===r.host&&l.activeElement===s&&(d.top.location.href=t.value))}},d.addEventListener(\"message\",d.wp.receiveEmbedMessage,!1),l.addEventListener(\"DOMContentLoaded\",function(){for(var e,t,s=l.querySelectorAll(\"iframe.wp-embedded-content\"),r=0;r<s.length;r++)(t=(e=s[r]).getAttribute(\"data-secret\"))||(t=Math.random().toString(36).substring(2,12),e.src+=\"#?secret=\"+t,e.setAttribute(\"data-secret\",t)),e.contentWindow.postMessage({message:\"ready\",secret:t},\"*\")},!1)))}(window,document);\n\/\/# sourceURL=https:\/\/jumeaux91.fr\/blog\/wp-includes\/js\/wp-embed.min.js\n<\/script>\n","thumbnail_url":"https:\/\/jumeaux91.fr\/blog\/wp-content\/uploads\/2024\/09\/colmar-festival-du-film-freres-une-histoire-poignante-768x442.jpg","thumbnail_width":600,"thumbnail_height":345,"description":"Le Festival du film de Colmar a pr\u00e9sent\u00e9 lundi 8 avril Fr\u00e8res, tir\u00e9 de l\u2019histoire incroyable v\u00e9cue par Michel et Patrice de Robert de Lafregeyre. Aller \u00e0 la sourceLa chronique se veut g\u00e9n\u00e9r\u00e9e de la fa\u00e7on la plus claire que possible. Dans le cas o\u00f9 vous souhaitez pr\u00e9senter des renseignements compl\u00e9mentaires \u00e0 cet article sur&hellip; Poursuivre la lecture Sans titre"}

Colmar Festival du film : Frères, une histoire poignante - JUMEAUX91

<blockquote class="wp-embedded-content" data-secret="MAAHJpT85k"><a href="https://jumeaux91.fr/blog/colmar-festival-du-film-freres-une-histoire-poignante/">Colmar Festival du film : Frères, une histoire poignante</a></blockquote><iframe sandbox="allow-scripts" security="restricted" src="https://jumeaux91.fr/blog/colmar-festival-du-film-freres-une-histoire-poignante/embed/#?secret=MAAHJpT85k" width="600" height="338" title="« Colmar Festival du film : Frères, une histoire poignante » &#8212; JUMEAUX91" data-secret="MAAHJpT85k" frameborder="0" marginwidth="0" marginheight="0" scrolling="no" class="wp-embedded-content"></iframe><script>
/*! This file is auto-generated */
!function(d,l){"use strict";l.querySelector&&d.addEventListener&&"undefined"!=typeof URL&&(d.wp=d.wp||{},d.wp.receiveEmbedMessage||(d.wp.receiveEmbedMessage=function(e){var t=e.data;if((t||t.secret||t.message||t.value)&&!/[^a-zA-Z0-9]/.test(t.secret)){for(var s,r,n,a=l.querySelectorAll('iframe[data-secret="'+t.secret+'"]'),o=l.querySelectorAll('blockquote[data-secret="'+t.secret+'"]'),c=new RegExp("^https?:$","i"),i=0;i<o.length;i++)o[i].style.display="none";for(i=0;i<a.length;i++)s=a[i],e.source===s.contentWindow&&(s.removeAttribute("style"),"height"===t.message?(1e3<(r=parseInt(t.value,10))?r=1e3:~~r<200&&(r=200),s.height=r):"link"===t.message&&(r=new URL(s.getAttribute("src")),n=new URL(t.value),c.test(n.protocol))&&n.host===r.host&&l.activeElement===s&&(d.top.location.href=t.value))}},d.addEventListener("message",d.wp.receiveEmbedMessage,!1),l.addEventListener("DOMContentLoaded",function(){for(var e,t,s=l.querySelectorAll("iframe.wp-embedded-content"),r=0;r<s.length;r++)(t=(e=s[r]).getAttribute("data-secret"))||(t=Math.random().toString(36).substring(2,12),e.src+="#?secret="+t,e.setAttribute("data-secret",t)),e.contentWindow.postMessage({message:"ready",secret:t},"*")},!1)))}(window,document);
//# sourceURL=https://jumeaux91.fr/blog/wp-includes/js/wp-embed.min.js
</script>

Le Festival du film de Colmar a présenté lundi 8 avril Frères, tiré de l’histoire incroyable vécue par Michel et Patrice de Robert de Lafregeyre. Aller à la sourceLa chronique se veut générée de la façon la plus claire que possible. Dans le cas où vous souhaitez présenter des renseignements complémentaires à cet article sur&hellip; Poursuivre la lecture Sans titre
